{"id":8,"date":"2019-04-08T14:40:41","date_gmt":"2019-04-08T14:40:41","guid":{"rendered":"https:\/\/estodiac.eu\/eestidiakoonia\/?page_id=8"},"modified":"2019-11-21T09:12:16","modified_gmt":"2019-11-21T09:12:16","slug":"kontakt","status":"publish","type":"page","link":"https:\/\/estodiac.eu\/eestidiakoonia\/kontakt\/","title":{"rendered":"Kontakt"},"content":{"rendered":"\n<p><br>Eesti Diakoonia<\/p>\n\n\n\n<p>Reg kood: 90014342<\/p>\n\n\n\n<p>Kiriku plats 3, 10130 Tallinn, tel 627 7363, <a href=\"mailto:diakoonia@eelk.ee\">diakoonia@eelk.ee<\/a> <\/p>\n\n\n\n<p>SEB Arvelduskonto<\/p>\n\n\n\n<p>Saaja: EELK Diakoonia- ja \u00dchiskonnat\u00f6\u00f6 SA<\/p>\n\n\n\n<p>IBAN: EE051010220271542222<\/p>\n\n\n\n<p>SWIFT Code (BIC)\u200e: \u200eEEUHEE2X<\/p>\n\n\n\n<p>Legal aaddress: AS SEB Pank, Tornim\u00e4e 2, 15010\nTallinn, Estonia<\/p>\n","protected":false},"excerpt":{"rendered":"<p>Eesti Diakoonia Reg kood: 90014342 Kiriku plats 3, 10130 Tallinn, tel 627 7363, diakoonia@eelk.ee SEB Arvelduskonto Saaja: EELK Diakoonia- ja \u00dchiskonnat\u00f6\u00f6 SA IBAN: EE051010220271542222 SWIFT Code (BIC)\u200e: \u200eEEUHEE2X Legal aaddress: AS SEB Pank, Tornim\u00e4e 2, 15010 Tallinn, Estonia<\/p>\n","protected":false},"author":1,"featured_media":0,"parent":0,"menu_order":0,"comment_status":"closed","ping_status":"closed","template":"","meta":{"footnotes":""},"class_list":["post-8","page","type-page","status-publish","hentry"],"_links":{"self":[{"href":"https:\/\/estodiac.eu\/eestidiakoonia\/wp-json\/wp\/v2\/pages\/8","targetHints":{"allow":["GET"]}}],"collection":[{"href":"https:\/\/estodiac.eu\/eestidiakoonia\/wp-json\/wp\/v2\/pages"}],"about":[{"href":"https:\/\/estodiac.eu\/eestidiakoonia\/wp-json\/wp\/v2\/types\/page"}],"author":[{"embeddable":true,"href":"https:\/\/estodiac.eu\/eestidiakoonia\/wp-json\/wp\/v2\/users\/1"}],"replies":[{"embeddable":true,"href":"https:\/\/estodiac.eu\/eestidiakoonia\/wp-json\/wp\/v2\/comments?post=8"}],"version-history":[{"count":0,"href":"https:\/\/estodiac.eu\/eestidiakoonia\/wp-json\/wp\/v2\/pages\/8\/revisions"}],"wp:attachment":[{"href":"https:\/\/estodiac.eu\/eestidiakoonia\/wp-json\/wp\/v2\/media?parent=8"}],"curies":[{"name":"wp","href":"https:\/\/api.w.org\/{rel}","templated":true}]}}