{"id":297,"date":"2020-07-26T08:12:07","date_gmt":"2020-07-26T08:12:07","guid":{"rendered":"https:\/\/estodiac.eu\/eestidiakoonia\/?page_id=297"},"modified":"2020-07-26T08:12:09","modified_gmt":"2020-07-26T08:12:09","slug":"minu-ristiema","status":"publish","type":"page","link":"https:\/\/estodiac.eu\/eestidiakoonia\/ristivanematele\/ristivanemluse-lood\/minu-ristiema\/","title":{"rendered":"Minu ristiema"},"content":{"rendered":"\n<p>Rahvusvaheline L\u00e4\u00e4nemere regiooni Interreg projekti SEMPRE (Social Empowerment in Rural Areas) raames ellu kutsutud kirikutevaheline ristivanemate v\u00e4\u00e4rtustamise t\u00f6\u00f6r\u00fchm kogus 23. m\u00e4rtsist 15. juunini 2018 ristivanemluse teemalisi lugusid.<\/p>\n\n\n\n<hr class=\"wp-block-separator\"\/>\n\n\n\n<p><strong>Minu ristiema<\/strong><\/p>\n\n\n\n<p>Ristiema Mare on mul alati olemas olnud. Ja alati samasugune ka. Ikka tuleb ta kiirel sammul kuskilt, valge m\u00fctsilotu peas, seljakott seljas, terav pilk silmis ja sinilillekimp pihus. Noh, viimast k\u00fcll enamasti siis, kui ta j\u00e4lle m\u00f5nele t\u00e4htp\u00e4evale m\u00f5ned n\u00e4dalad v\u00f5i kuud hiljaks j\u00e4\u00e4b. Aga see ei ole \u00fcldse oluline. Sest Mare on ajatu metshaldjas. Mitte selline teravate k\u00f5rvade ja puhvis kleidiga sahmerdis, vaid t\u00f5eline looduslaps &#8211; puhaste m\u00f5tete ja selgete t\u00f5ekspidamistega.<\/p>\n\n\n\n<p>Kui ta parajasti kuskil metsas marju korjab ja minuga ei ole, siis on m\u00f5ni tema kaart v\u00f5i raamat alati l\u00e4hedal. Igas neist on ka tema k\u00e4ekirjaga lisatud paar rida, mis Marele hetkel just k\u00f5ige \u00f5igemad tundusid. Ja kui hiljem raamatu uuesti k\u00e4tte olen v\u00f5tnud, pean t\u00f5dema, et need read on endiselt need k\u00f5ige \u00f5igemad.<\/p>\n\n\n\n<p>Olgugi, et \u201eV\u00e4ikest Printsi\u201c lugesin tegelikult p\u00e4ris teadlikult alles m\u00f5ned aastad tagasi, on Mare kaudu mulle alati selge olnud, et just s\u00fcdamega n\u00e4eme h\u00e4sti. Mare ei ole kunagi minu kuuldes millegi kohta halvasti \u00f6elnud, k\u00fcll aga tuleb talle vahel selline naljakas krimpsus n\u00e4gu p\u00e4he ja huultelt libiseb \u201ema ei tea n\u00fc\u00fcd \u2026\u201c, olgu siis jutuks l\u00e4bi kaubanduskeskuse teatrisse minek v\u00f5i m\u00f5ni teine uuema aja veidrus.<\/p>\n\n\n\n<p>Kuskilt s\u00fcgavalt-s\u00fcgavalt tulevad meelde tuhksuhkruga j\u00f5hvikad ja ahjus tehtud v\u00f5ileivad, mida s\u00f5ime telekast mingit igavesti kestvat seebikat vaadates. See v\u00f5ib olla ka mingi m\u00e4lusegadus, sest Mare on \u00fcldiselt ikkagi kultuurne inimene ja rohkem kui temaga ei ole ma kellegagi teatris k\u00e4inud. P\u00e4ris esimesi lavastusi ma ise ei m\u00e4leta, see-eest kuulen veel t\u00e4naseni sellest Toominga-t\u00fckist ja t\u00f5si, meenutan nii Reearuud kui rosinapuud.<\/p>\n\n\n\n<p>Mare \u00f5petas mulle, et metsas k\u00f5ndides tuleb vaadata, et ka su taga k\u00f5ndiv inimene okstega pihta ei saaks. \u00d5petas arvestama ka sellega, mis ei ole ilmselge. Ja see v\u00f5ib vabalt olla k\u00f5ige t\u00e4htsam \u00f5petus \u00fcldse.<\/p>\n\n\n\n<p><strong>Eva \u00dcprus, 30aastane ps\u00fchholoog Tartu Maarja tugikeskuses ja projektijuht Balti Kriminaalpreventsiooni Instituudis. Luterlane.<\/strong><\/p>\n\n\n\n<p><strong>Kevad 2018<\/strong><\/p>\n","protected":false},"excerpt":{"rendered":"<p>Rahvusvaheline L\u00e4\u00e4nemere regiooni Interreg projekti SEMPRE (Social Empowerment in Rural Areas) raames ellu kutsutud kirikutevaheline ristivanemate v\u00e4\u00e4rtustamise t\u00f6\u00f6r\u00fchm kogus 23. m\u00e4rtsist 15. juunini 2018 ristivanemluse teemalisi lugusid. Minu ristiema Ristiema Mare on mul alati olemas olnud. Ja alati samasugune ka. Ikka tuleb ta kiirel sammul kuskilt, valge m\u00fctsilotu peas, seljakott seljas, terav pilk silmis ja [&hellip;]<\/p>\n","protected":false},"author":1,"featured_media":0,"parent":278,"menu_order":7,"comment_status":"closed","ping_status":"closed","template":"","meta":{"footnotes":""},"class_list":["post-297","page","type-page","status-publish","hentry"],"_links":{"self":[{"href":"https:\/\/estodiac.eu\/eestidiakoonia\/wp-json\/wp\/v2\/pages\/297","targetHints":{"allow":["GET"]}}],"collection":[{"href":"https:\/\/estodiac.eu\/eestidiakoonia\/wp-json\/wp\/v2\/pages"}],"about":[{"href":"https:\/\/estodiac.eu\/eestidiakoonia\/wp-json\/wp\/v2\/types\/page"}],"author":[{"embeddable":true,"href":"https:\/\/estodiac.eu\/eestidiakoonia\/wp-json\/wp\/v2\/users\/1"}],"replies":[{"embeddable":true,"href":"https:\/\/estodiac.eu\/eestidiakoonia\/wp-json\/wp\/v2\/comments?post=297"}],"version-history":[{"count":0,"href":"https:\/\/estodiac.eu\/eestidiakoonia\/wp-json\/wp\/v2\/pages\/297\/revisions"}],"up":[{"embeddable":true,"href":"https:\/\/estodiac.eu\/eestidiakoonia\/wp-json\/wp\/v2\/pages\/278"}],"wp:attachment":[{"href":"https:\/\/estodiac.eu\/eestidiakoonia\/wp-json\/wp\/v2\/media?parent=297"}],"curies":[{"name":"wp","href":"https:\/\/api.w.org\/{rel}","templated":true}]}}